 33*i**2 + 103*i + 24. Calculate a(36).
-156
Let h(b) = b**3 - 24*b**2 + 25*b + 8. What is h(23)?
54
Let d(r) = -r + 14. Calculate d(-29).
43
Let a(l) = 7*l**2 + 419*l - 489. Give a(-61).
-1
Let p(n) = -n**3 + 13*n**2 + 15*n - 21. Calculate p(14).
-7
Let d(l) = 65*l + 266. What is d(-4)?
6
Let u(r) = -r**3 + 27*r**2 - 160*r + 209. Calculate u(19).
57
Let t(w) = w**3 - 18*w + 37. Calculate t(2).
9
Let u(f) = 5*f**2 + 921*f - 1871. Calculate u(2).
-9
Let u(r) = r**3 - 9*r + 28. Determine u(6).
190
Let k(b) = b**2 + 5*b - 62. Calculate k(5).
-12
Let p(i) = 78*i - 629. Calculate p(8).
-5
Let i(s) = -6*s**2 + 2*s + 246. Determine i(7).
-34
Let o(d) = -115*d + 17134. Determine o(149).
-1
Let i(m) = -6*m**3 + 127*m**2 + 151*m - 3619. Calculate i(21).
-7
Let c(u) = 303*u - 3038. Give c(10).
-8
Let u(q) = -29*q + 2208. Give u(55).
613
Let y(q) = q**3 - 16*q + 17. Give y(0).
17
Let j(d) = 2*d**2 - 21*d - 1543. Give j(-23).
-2
Let d(c) = -c**3 - 175*c**2 - 231*c - 9886. What is d(-174)?
32
Let h(v) = -20*v**2 + 3*v - 44. Give h(5).
-529
Let l(k) = -k**3 - 11*k**2 + 43*k + 47. What is l(-14)?
33
Let l(j) = -j**2 - 168*j - 4049. Calculate l(-29).
-18
Let x(b) = -853*b - 6833. Give x(-8).
-9
Let w(v) = 49*v + 106. What is w(-2)?
8
Let p(o) = o**2 - 108*o + 1833. Determine p(87).
6
Let k(f) = -42*f**2 + 2487*f - 533. Calculate k(59).
-2
Let c(u) = u**3 + 10*u**2 - 3*u + 3. Give c(-7).
171
Let z(x) = -50*x**2 + 5*x - 1. Determine z(-1).
-56
Let g(f) = f**3 + 30*f**2 - 56*f + 289. Determine g(-32).
33
Let b(p) = 37*p + 125. Calculate b(-9).
-208
Let m(q) = -2*q**2 + 36*q + 1515. What is m(-21)?
-123
Let t(q) = -27*q + 1064. What is t(39)?
11
Let c(v) = 4*v**2 + 23*v + 40. Calculate c(-15).
595
Let l(m) = 5*m**2 - 62*m + 277. Determine l(6).
85
Let y(q) = -15*q + 147. Give y(8).
27
Let f(y) = -7636*y + 53453. Determine f(7).
1
Let d(n) = n**3 - 9*n**2 + 14*n + 12. Calculate d(4).
-12
Let y(z) = -12*z**3 + 21*z**2 + 20*z - 1. What is y(-1)?
12
Let d(z) = z**3 - 25*z**2 - 66*z + 335. Give d(27).
11
Let m(n) = n**3 + 24*n**2 - 125*n - 289. Determine m(-28).
75
Let b(f) = -579*f + 6370. Calculate b(11).
1
Let p(z) = -3*z**3 - 31*z**2 + 72*z - 9. Calculate p(2).
-13
Let s(f) = f**2 + 8*f - 208. Calculate s(12).
32
Let h(l) = -l**3 + 172*l**2 - 679*l + 1184. What is h(168)?
8
Let m(k) = 133*k - 583. Give m(6).
215
Let a(j) = j**3 - 2*j**2 - 282*j + 6. Calculate a(-16).
-90
Let h(b) = -b**3 - 25*b**2 - 116*b - 18. Give h(-6).
-6
Let v(x) = x**3 + 10*x**2 + 3*x - 119. Calculate v(-8).
-15
Let p(g) = 21*g**2 - 297*g + 36. Determine p(14).
-6
Let g(d) = -24*d + 628. Give g(26).
4
Let x(r) = -r**3 - 40*r**2 - 192*r - 11565. Give x(-42).
27
Let r(l) = -646*l - 5172. Calculate r(-8).
-4
Let s(o) = -39*o + 91. Determine s(5).
-104
Let s(n) = 30*n - 6. What is s(-3)?
-96
Let p(q) = -4*q**3 - 33*q**2 + 21*q - 47. What is p(-9)?
7
Let o(u) = 23*u + 114. Determine o(-6).
-24
Let k(o) = -53*o - 795. Give k(-15).
0
Let o(y) = -82*y - 2223. Give o(-27).
-9
Let d(v) = v**2 + 17*v + 27. Determine d(-19).
65
Let w(v) = -v**3 - 88*v**2 - 167*v + 442. What is w(-86)?
12
Let q(l) = l**3 + 76*l**2 - 11*l - 859. Give q(-76).
-23
Let j(o) = o**3 - 66*o**2 - 3*o + 150. Determine j(66).
-48
Let t(x) = x**3 + 9*x**2 + 9*x + 332. What is t(-11)?
-9
Let o(y) = y**2 - 22*y + 155. Calculate o(11).
34
Let o(f) = -10*f - 512. Calculate o(-21).
-302
Let v(q) = 2*q**3 - 55*q**2 + 75*q + 34. Calculate v(26).
-44
Let a(i) = -i**3 + 21*i - 16. Calculate a(-5).
4
Let g(m) = -144*m**2 - 1158*m - 5. Determine g(-8).
43
Let c(p) = 4*p**3 + 48*p**2 + 8*p + 59. Determine c(-12).
-37
Let h(c) = -18*c**2 + 3*c - 5. Determine h(-3).
-176
Let n(b) = 87*b**3 - 10*b**2 - 11*b + 1. Determine n(-1).
-85
Let r(k) = 507*k + 82139. Give r(-162).
5
Let g(p) = 22*p + 17. Give g(-15).
-313
Let c(w) = -21*w - 51. Calculate c(-10).
159
Let c(z) = z**2 - 2166*z - 23942. What is c(-11)?
5
Let s(r) = 13*r - 1. What is s(12)?
155
Let q(v) = 124*v - 13651. Give q(110).
-11
Let k(u) = -4975*u - 39802. Calculate k(-8).
-2
Let o(h) = h**3 + 12*h**2 + 27*h + 762. Give o(-14).
-8
Let s(z) = -3*z**2 - 3*z + 35. What is s(-4)?
-1
Let j(n) = 3*n**2 - 26*n + 19. What is j(9)?
28
Let z(q) = -q**3 - 8*q**2 + 8*q + 61. Give z(-8).
-3
Let r(w) = w**3 + 45*w**2 + 127*w + 1791. What is r(-43)?
28
Let h(y) = -7*y**2 + 67*y + 11. Determine h(7).
137
Let c(p) = -7*p**3 - 3*p**2 - 28*p + 89. Give c(4).
-519
Let h(u) = -u**3 - 15*u**2 + 33*u + 711. Determine h(-13).
-56
Let f(k) = 6*k**3 + 2*k**2 - 28*k - 53. What is f(-2)?
-37
Let k(l) = l**2 - 15*l - 475. Calculate k(-16).
21
Let w(r) = -3*r - 18. Calculate w(-4).
-6
Let j(s) = -s**2 - 5*s - 24. What is j(7)?
-108
Let l(n) = n**2 - 11*n - 322. Determine l(22).
-80
Let a(d) = 7*d**2 - 318*d - 866. What is a(48)?
-2
Let f(a) = -a**2 - 26*a + 923. What is f(29)?
-672
Let d(a) = 163*a + 3754. Determine d(-23).
5
Let w(r) = -97*r + 5041. Give w(52).
-3
Let c(r) = -r**3 + 8*r**2 - 26*r + 81. What is c(6)?
-3
Let i(y) = -y**2 + 147*y - 5122. Determine i(90).
8
Let j(p) = -p**3 + 103*p**2 - 5*p + 506. Calculate j(103).
-9
Let g(m) = -m**3 + 2*m**2 - 3*m + 37. Give g(0).
37
Let m(z) = -z**2 + 53*z - 700. What is m(24)?
-4
Let d(y) = 290*y - 9572. Determine d(33).
-2
Let y(v) = -v**3 - 17*v**2 - 59*v + 74. Give y(-11).
-3
Let p(v) = 112*v**2 + 8*v + 7. Calculate p(-1).
111
Let p(j) = -2*j**2 - 950*j + 7727. Give p(8).
-1
Let c(w) = w**3 - 13*w**2 - 16*w + 37. Give c(15).
247
Let w(j) = -j**3 + 15*j**2 - 41*j + 9. Determine w(10).
99
Let y(r) = r**3 - 15*r**2 - 7*r - 2. Determine y(16).
142
Let h(q) = 12*q**2 + 3*q - 1175. Calculate h(-10).
-5
Let v(q) = -q**3 - 20*q**2 + 16*q + 40. What is v(-21)?
145
Let r(q) = -13665*q + 13669. Calculate r(1).
4
Let c(j) = -242*j - 3600. Give c(-15).
30
Let j(f) = -123*f + 2586. What is j(21)?
3
Let t(i) = -3*i**3 + 3*i**2 + i - 5. Determine t(-2).
29
Let n(o) = -1951*o + 9753. Determine n(5).
-2
Let q(t) = 2*t**2 - 103*t - 300. Determine q(0).
-300
Let q(f) = -f**3 + 36*f**2 - 71*f + 69. Calculate q(34).
-33
Let m(s) = 89*s - 461. What is m(5)?
-16
Let w(v) = -241*v + 1206. What is w(5)?
1
Let p(u) = u**3 + 8*u**2 - 294*u - 2570. Give p(-9).
-5
Let d(i) = -9*i**2 - 792*i + 210. Give d(-88).
210
Let o(j) = j**2 - 25*j + 127. Determine o(14).
-27
Let w(x) = 12*x**3 - 752*x**2 + 486*x + 620. Give w(62).
0
Let f(g) = g**2 + 53*g + 296. Determine f(-45).
-64
Let w(p) = 13*p**2 + 204*p + 34. Determine w(-17).
323
Let v(m) = 1511*m + 4556. Calculate v(-3).
23
Let x(v) = 144*v + 8630. What is x(-60)?
-10
Let i(o) = 27*o - 52. What is i(3)?
29
Let o(g) = 74*g + 17909. Determine o(-242).
1
Let q(r) = 11*r**2 + 206*r + 1259. Determine q(-6).
419
Let q(t) = t**3 - 13*t**2 + 18*t + 156. What is q(12)?
228
Let p(c) = -2*c**2 + 2*c + 8. Determine p(-3).
-16
Let b(f) = 100*f - 1886. Give b(19).
14
Let z(k) = 7*k**3 - 3*k + 2. Give z(1).
6
Let d(r) = -2*r**2 + 137*r - 85. Calculate d(69).
-154
Let i(l) = -l**3 - 4*l**2 - 147*l - 1324. What is i(-8)?
108
Let c(x) = 486*x - 2425. What is c(5)?
5
Let p(b) = 177*b**2 + 2*b + 6. Calculate p(2).
718
Let u(q) = -q**2 - 2*q + 56. Calculate u(-8).
8
Let v(c) = 281*c - 842. Determine v(3).
1
Let x(k) = k**3 - 10*k**2 + 2*k - 29. Determine x(10).
-9
Let u(q) = -247*q - 1457. Give u(-6).
25
Let b(h) = -2*h**2 + 45*h - 130. Determine b(21).
-67
Let l(h) = h**2 - 48*h + 573. Give l(27).
6
Let x(u) = -u**2 - 94*u - 1881. Calculate x(-47).
328
Let w(g) = -3*g**3 + 16*g**2 - 8*g + 19. Give w(5).
4
Let y(a) = 423*a + 853. What is y(-2)?
7
Let t(g) = 147*g + 860. Calculate t(-6).
-22
Let y(m) = m**3 + 39*m**2 + 193*m - 21. What is y(-6)?
9
Let m(v) = 25*v - 351. Calculate m(16).
49
Let z(d) = -2*d**2 - 2*d + 6. Give z(-3).
-6
Let a(n) = 4*n**3 - 13*n**2 - 22*n + 82. Give a(3).
7
Let g(m) = 3*m**2 + 79*m + 30. What is g(-26)?
4
Let m(u) = 80*u + 12651. Give m(-158).
11
Let d(v) = 2*v**3 - 53*v**2 + 205*v - 15. Give d(22).
139
Let b(l) = l**3 - 2*l - 20. What is b(-5)?
-135
Let h(n) = 3*n**3 - 25*n**2 - 29*n + 69. Give h(9).
-30
Let b(j) = 8*j**2 - 88*j + 53. Determine b(10).
-27
Let g(p) = 5*p**3 + 92*p**2 + 13*p - 14. Determine g(-18).
400
Let g(c) = 6*c**3 - 3*c**2 + 68*c - 239. What is g(4)?
369
Let x(p) = -6742*p - 53937. Determine x(-8).
-1
Let x(p